{"id":6,"date":"2021-09-25T11:04:19","date_gmt":"2021-09-25T11:04:19","guid":{"rendered":"https:\/\/www.robertocanali.it\/?page_id=6"},"modified":"2024-09-25T17:50:15","modified_gmt":"2024-09-25T17:50:15","slug":"chi-siamo","status":"publish","type":"page","link":"https:\/\/robertocanali.it\/?page_id=6","title":{"rendered":"Bio"},"content":{"rendered":"<p style=\"text-align: left;\">Roberto Canali, si diploma al Conservatorio di Musica di Parma, dove in seguito studia anche Pianoforte, Clavicembalo e Composizione. Vince in seguito una borsa di studio (fra le due assegnate) al III Corso Internazionale di Interpretazione e Improvvisazione Organistica tenuto a Verona da G. Litaize, sotto la cui guida in seguito si perfeziona. Nel 1994 vince il Concorso Nazionale per l\u2019assegnazione delle cattedre nei Conservatori di Musica e il 2\u00b0 premio assoluto alla III edizione del Torneo Internazionale di Musica (TIM) dell\u2019A.GI.MUS. Nello stesso anno collabora come organista con l\u2019Orchestra Sinfonica dell\u2019Emilia Romagna (OSER). Nel 1997 vince il 2\u00b0 premio alla I edizione del Concorso nazionale di Clavicembalo \u201cG.Gambi\u201d. Ha collaborato, come docente, con la Sovrintendenza ai Beni Culturali della citt\u00e0 di Cosenza e nel 2012 e\u2019 stato invitato dalla \u201cFondazione Marrone\u201d di Rieti, con il patrocinio della CEI, a tenere un corso annuale di organo sull&#8217;organo Pinchi in stile barocco della Germani del Nord. Attualmente \u00e8 titolare della cattedra di Organo e Composizione organistica presso il Conservatorio di Musica \u201cS. Pietro a Majella\u201d di Napoli.\u00a0 \u00a0 \u00a0 \u00a0 \u00a0 \u00a0 \u00a0 \u00a0 \u00a0 \u00a0 \u00a0 \u00a0 \u00a0 \u00a0 \u00a0 \u00a0 \u00a0 \u00a0 \u00a0 \u00a0 \u00a0 \u00a0 \u00a0 \u00a0 \u00a0 \u00a0 \u00a0 \u00a0 E\u2019 stato socio fondatore nonch\u00e9 Direttore Artistico dell\u2019 \u201cAccademia Organistica Romana\u201d, \u00e8 ora Direttore Artistico della stagione \u201cI concerti in Basilica\u201d presso la Basilica di S. Prassede a Roma. Ha\u00a0 inciso per la SMC Records e per\u00a0 la RAI e collabora con gruppi da camera e cori quali l\u2019Orchestra Barocca Italiana e il Coro Internazionale di Roma \u201cNovum Convivium Musicum\u201d e in duo organo e tromba con Nello Salza (<a href=\"http:\/\/www.nellosalza.it\/\">www.nellosalza.it<\/a>). E&#8217; regolarmente invitato in Italia e in Europa per tenere corsi di perfezionamento,\u00a0 masterclass e concerti (Francia, Belgio, Svizzera, Danimarca, Germania, Olanda e Medio Oriente) in sedi importanti quali: Citt\u00e0 del Vaticano, Cattedrale di Lione, Odense Domkirke,\u00a0 Cath\u00e9drale de S. \u00c9tienne de Meaux, Saint-Vaast B\u00e9thune, S\u00f8nderborg Slotkirke, Aalborg Domkirke, Zutphen, Frederiksborg Slotkirke, Michaeliskirche-Hamburg, Trinitatiskirke Copenaghen, Garnisons kirke Copenaghen, Nikolaaskerk Purmerend, Fuldaer Dom, Laurentiuskerk-Alkmaar, Grotekerk-Oosthuizen, Laurenskerk-Rotterdam, Vrouwekathedraal-Antwerpen, Cath\u00e9dral de Saint-Omer.<\/p>\n","protected":false},"excerpt":{"rendered":"<p>Roberto Canali, si diploma al Conservatorio di Musica di Parma, dove in seguito studia anche Pianoforte, Clavicembalo e Composizione. Vince in seguito una borsa di studio (fra le due assegnate) al III Corso Internazionale di Interpretazione e Improvvisazione Organistica tenuto a Verona da G. Litaize, sotto la cui guida in seguito si perfeziona. Nel 1994 [&hellip;]<\/p>\n","protected":false},"author":1,"featured_media":0,"parent":0,"menu_order":0,"comment_status":"closed","ping_status":"closed","template":"","meta":{"footnotes":""},"class_list":["post-6","page","type-page","status-publish","hentry"],"_links":{"self":[{"href":"https:\/\/robertocanali.it\/index.php?rest_route=\/wp\/v2\/pages\/6","targetHints":{"allow":["GET"]}}],"collection":[{"href":"https:\/\/robertocanali.it\/index.php?rest_route=\/wp\/v2\/pages"}],"about":[{"href":"https:\/\/robertocanali.it\/index.php?rest_route=\/wp\/v2\/types\/page"}],"author":[{"embeddable":true,"href":"https:\/\/robertocanali.it\/index.php?rest_route=\/wp\/v2\/users\/1"}],"replies":[{"embeddable":true,"href":"https:\/\/robertocanali.it\/index.php?rest_route=%2Fwp%2Fv2%2Fcomments&post=6"}],"version-history":[{"count":1,"href":"https:\/\/robertocanali.it\/index.php?rest_route=\/wp\/v2\/pages\/6\/revisions"}],"predecessor-version":[{"id":124,"href":"https:\/\/robertocanali.it\/index.php?rest_route=\/wp\/v2\/pages\/6\/revisions\/124"}],"wp:attachment":[{"href":"https:\/\/robertocanali.it\/index.php?rest_route=%2Fwp%2Fv2%2Fmedia&parent=6"}],"curies":[{"name":"wp","href":"https:\/\/api.w.org\/{rel}","templated":true}]}}

<p style="text-align: left;">Roberto Canali, si diploma al Conservatorio di Musica di Parma, dove in seguito studia anche Pianoforte, Clavicembalo e Composizione. Vince in seguito una borsa di studio (fra le due assegnate) al III Corso Internazionale di Interpretazione e Improvvisazione Organistica tenuto a Verona da G. Litaize, sotto la cui guida in seguito si perfeziona. Nel 1994 vince il Concorso Nazionale per l’assegnazione delle cattedre nei Conservatori di Musica e il 2° premio assoluto alla III edizione del Torneo Internazionale di Musica (TIM) dell’A.GI.MUS. Nello stesso anno collabora come organista con l’Orchestra Sinfonica dell’Emilia Romagna (OSER). Nel 1997 vince il 2° premio alla I edizione del Concorso nazionale di Clavicembalo “G.Gambi”. Ha collaborato, come docente, con la Sovrintendenza ai Beni Culturali della città di Cosenza e nel 2012 e’ stato invitato dalla “Fondazione Marrone” di Rieti, con il patrocinio della CEI, a tenere un corso annuale di organo sull&#8217;organo Pinchi in stile barocco della Germani del Nord. Attualmente è titolare della cattedra di Organo e Composizione organistica presso il Conservatorio di Musica “S. Pietro a Majella” di Napoli.                                                        E’ stato socio fondatore nonché Direttore Artistico dell’ “Accademia Organistica Romana”, è ora Direttore Artistico della stagione “I concerti in Basilica” presso la Basilica di S. Prassede a Roma. Ha  inciso per la SMC Records e per  la RAI e collabora con gruppi da camera e cori quali l’Orchestra Barocca Italiana e il Coro Internazionale di Roma “Novum Convivium Musicum” e in duo organo e tromba con Nello Salza (<a href="http://www.nellosalza.it/">www.nellosalza.it</a>). E&#8217; regolarmente invitato in Italia e in Europa per tenere corsi di perfezionamento,  masterclass e concerti (Francia, Belgio, Svizzera, Danimarca, Germania, Olanda e Medio Oriente) in sedi importanti quali: Città del Vaticano, Cattedrale di Lione, Odense Domkirke,  Cathédrale de S. Étienne de Meaux, Saint-Vaast Béthune, Sønderborg Slotkirke, Aalborg Domkirke, Zutphen, Frederiksborg Slotkirke, Michaeliskirche-Hamburg, Trinitatiskirke Copenaghen, Garnisons kirke Copenaghen, Nikolaaskerk Purmerend, Fuldaer Dom, Laurentiuskerk-Alkmaar, Grotekerk-Oosthuizen, Laurenskerk-Rotterdam, Vrouwekathedraal-Antwerpen, Cathédral de Saint-Omer.</p>
